d 20.
20
Let z(d) = 146*d - 1059. Let i be z(15). What is the highest common factor of i and 232?
29
Let v = -39 - -47. Let b be (-2)/(-6) + (-342)/54. Let i be (-24)/(-2*b/(-16)). What is the greatest common factor of v and i?
8
Let s(u) = u**3 - 2*u**2 + 11*u - 10. Let z be s(7). Suppose 34*y + 2*o + 136 = 39*y, 5*y = 5*o + 160. Calculate the greatest common factor of z and y.
24
Let s = -10 + 22. Suppose -37 = -6*k + 95. Suppose 19*j - k*j = -396. Calculate the highest common factor of s and j.
12
Let z(p) = -7*p**3 - 9*p**2 + 15*p + 69. Let m be z(-3). Let l = -66 + 99. Calculate the highest common factor of l and m.
33
Suppose 0 = 3*t - 2*t - 4*u - 472, -5*u = -5*t + 2435. Suppose 0 = 3*w + 3*x - t, -3*w - 4*x - 169 = -4*w. Calculate the highest common factor of 66 and w.
33
Let h be 11/110*1955 + 14/4 + -3. Calculate the highest common factor of h and 1666.
98
Let s = -109 - -112. Suppose s*y - 73 = m + 24, -3*y = m - 107. Calculate the highest common factor of 646 and y.
34
Suppose 2*k - 9*k = -1946. Let j = k - 206. What is the greatest common divisor of 16 and j?
8
Let s(o) = 1387*o + 12677. Let v be s(-9). What is the highest common divisor of v and 35114?
194
Suppose t = 55 - 37. Let y = t + -14. Suppose -5*r + y*r + 5*b = -1, 68 = 5*r - 4*b. Calculate the highest common divisor of 16 and r.
16
Let p = 61 - 16. Suppose -s - s + 90 = 5*g, 2*s + 54 = 4*g. Suppose 0 = -g*o + 24*o - 24. Calculate the greatest common divisor of p and o.
3
Let a(y) = -156*y + 33. Let u be a(-2). Suppose u*m = 341*m + 56. Calculate the greatest common factor of 28 and m.
14
Suppose 2*p - 990 = -4*f, -p + 179 = 4*f - 316. Suppose -5*i + 3*k - k = -495, 4*k - p = -5*i. Let v = -80 + i. What is the greatest common factor of v and 171?
19
Let x be (-6)/(-10) + (-103)/5. Let w be x*(-3)/(-6)*1/(-2). Suppose -3*j + 15 = -4*y, 4*y + 25 = w*j + 8. What is the greatest common factor of 3 and j?
1
Suppose -2*t + 1042 = 8*d - 5*d, -5*d = -3*t - 1743. Calculate the highest common divisor of d and 12.
12
Let t = -2966 - -3022. Calculate the greatest common divisor of 91 and t.
7
Suppose -176*f + 29124 - 8516 = -162*f. What is the highest common factor of 115 and f?
23
Let f(j) = 7*j**2 + 39*j - 214. Let r be f(6). What is the greatest common factor of 1 and r?
1
Let f = 69 - 49. Suppose 6*h - 2668 - 2060 = 0. Suppose -2*z + 6 = 0, 5*j + 4*z - h = 8*z. Calculate the highest common factor of f and j.
20
Let o(v) = -v**3 + 76*v**2 + 412*v + 169. Let x be o(81). What is the greatest common divisor of 437 and x?
23
Suppose 2*j - 41507 = -5*h - 2241, -23568 = -3*h + 3*j. Calculate the highest common divisor of h and 22.
22
Let q be (28/(-12)*3 + 6)/((-2)/112). Let i = -101 - -143. What is the highest common divisor of q and i?
14
Let l be 594/42 - 1/7. What is the highest common divisor of l and 63?
7
Suppose -3*t + 368 = 5*m - 484, 0 = -m - t + 172. Suppose 58*s - 65*s + m = 0. Calculate the greatest common factor of s and 152.
8
Let c be -5 - 48/12*(-6)/8. Let q be (-1 + 7)*(c + 33 + 2). Suppose 0 = 4*z + 16, -89 = -2*j + 5*z - 33. What is the highest common factor of q and j?
18
Suppose 0 = -2*i - 33*g + 34*g + 1696, 4*i = 3*g + 3396. Calculate the highest common factor of i and 36.
18
Let q be (-8)/24 + (-1)/(3/(-16)). Suppose -t - 21 = -2*l + 18, 0 = -q*l - 4*t + 117. What is the highest common factor of 315 and l?
21
Suppose -10*n = -5*n - 125. Let w be 4/(6/3) - 2. Suppose w*j - 10 = -j. What is the highest common divisor of n and j?
5
Let i be (-552)/1012 - 8152/(-22). Calculate the highest common divisor of 1295 and i.
185
Let r(k) = 7*k**2 - 120*k + 37. Let y be r(17). What is the greatest common divisor of 470 and y?
10
Let n = 863 - -1360. Calculate the greatest common divisor of 52 and n.
13
Let g(k) = 5*k**2 - 14*k + 345. Let x be g(13). Calculate the highest common factor of x and 32.
16
Suppose -2*s = s - 561. Let l = -287 + 560. Suppose m + 256 = l. What is the greatest common divisor of m and s?
17
Suppose -29*w = -2180 - 2518. Calculate the highest common factor of 5103 and w.
81
Let x be 328185/117*4/10. What is the highest common divisor of 136 and x?
34
Let a be 16354/(-85)*(-55)/22. Calculate the greatest common divisor of 148 and a.
37
Let c(m) = -5*m**3 - 54*m**2 - 27*m - 1131. Let t be c(-12). Suppose o = -2*o + 114. What is the highest common divisor of t and o?
19
Suppose 2*n - 302 = -2*v, 9*v = n + 8*v - 145. Let o = -310 - -495. Calculate the highest common divisor of n and o.
37
Let o(k) = -2*k**3 - 62*k**2 + 77*k + 432. Let u be o(-32). Calculate the greatest common factor of u and 9872.
16
Let b(n) = -384*n - 1845. Let q be b(-5). What is the highest common factor of 1545 and q?
15
Let w = -219 + 224. Suppose 35 = 4*h + w*p, -2*p = 6*h - 2*h - 38. What is the highest common factor of 10 and h?
10
Let r be (2 - (6 - 4))*1/(-2). Let h(v) be the first derivative of v**3/3 - v**2/2 + 11*v - 36. Let g be h(r). What is the highest common divisor of 88 and g?
11
Suppose 2*o + 22880 = 10*o. Suppose o = 7*c - 2*c. Calculate the greatest common divisor of c and 13.
13
Let f(z) = 28*z**2 + 23*z - 43. Let h be ((-2)/4)/((-5)/20*1). Let t be f(h). Calculate the highest common factor of t and 23.
23
Suppose -3*k - 44 = -125. Let v(i) = 3*i**2 + 11*i + 69. Let r be v(-3). What is the greatest common divisor of k and r?
9
Let y(w) = 2*w**2 - 21*w - 17. Let n be y(-15). Suppose -2019*u = -2040*u + 231. What is the greatest common divisor of n and u?
11
Let p be (7 + -8)/((-6)/(-2 - -2624)). Calculate the highest common divisor of 115 and p.
23
Let j be (-45 + (-25)/(-5))*(-8)/10. Let p be (-15)/(900/(-84)) + 699/15. Calculate the greatest common factor of p and j.
16
Let z(u) = -2*u**3 + 3*u**2 + 81*u - 8. Let g be z(-6). What is the greatest common divisor of g and 23?
23
Let r(h) = -h + 1. Let d be r(2). Let y be ((-49)/(-21)*d)/((-2)/12). Calculate the greatest common divisor of 28 and y.
14
Let c be (-8)/((-141)/28 + (-25)/(-5)). Suppose c = 98*a - 94*a. Suppose 26 = 5*p - 184. Calculate the highest common divisor of a and p.
14
Let u be ((-120)/80)/((-2)/296). Suppose 46*r - 44*r - u = 0. Calculate the highest common factor of r and 1221.
111
Let o = 160 + -157. Let t be (-4)/8 - (o - 525/6). Calculate the greatest common factor of 24 and t.
12
Suppose -y + 3*i + 12 = 0, 8*y - 4*y = 5*i + 20. Suppose 72 = 2*r - 2*l, 81 = -y*r + 2*r + l. What is the greatest common factor of 117 and r?
39
Suppose 3*p - 17 = -2*a, -4*a + 6 = -8*a + 2*p. Calculate the highest common factor of a and 128.
1
Suppose 2328 = 4*k + 2*u, u = 3*k - 2351 + 605. Suppose -579 = a - k. Calculate the greatest common divisor of 84 and a.
3
Suppose -3 + 23 = 10*a. Let o(d) = 147*d**2 - 2*d - 9. Let u be o(a). What is the greatest common factor of 23 and u?
23
Suppose -10*x + 11*x + 588 = 4*d, -1797 = 3*x - d. Let k be (-75)/x + (20637/8)/3. Calculate the highest common divisor of 20 and k.
20
Suppose 80 - 50 = 3*y. Suppose 5*x - y*x + 45 = 4*i, 2*x = -i + 12. What is the greatest common divisor of i and 15?
5
Let i(r) = r**3 + 64*r**2 - 45*r - 122. Let h be i(-64). What is the greatest common divisor of 98 and h?
14
Suppose 0 = 131*h - 135*h + 240*h - 1184720. What is the highest common divisor of h and 60?
20
Suppose 63*f - 138958 = 2*f. Calculate the greatest common divisor of f and 34.
34
Let y = -32 - -59. Let l = y + -25. Suppose l*u = -4*c + 28, -4*u + 56 = -u - c. Calculate the greatest common factor of 72 and u.
18
Let c(o) = 94*o - 528. Let w be c(8). What is the highest common divisor of w and 1248?
32
Let z(f) = 6*f**3 - 3*f**2 - 50*f + 16. Let r be z(10). What is the highest common factor of r and 163?
163
Let n be 0/6 - (-88 + -11). Let u = -6 + 8. Let t be 2 + u/(-1) - -9. Calculate the greatest common factor of n and t.
9
Let u be ((-55)/15)/((-2)/30). Suppose 867 = 9*k - 906. Let c = k - -78. Calculate the highest common divisor of c and u.
55
Let d(b) = -37*b**3 + 2*b**2 + 3*b + 3. Let l be d(-1). What is the greatest common divisor of l and 4251?
39
Let l = -152 + 288. Let s = 73 + -65. What is the highest common divisor of l and s?
8
Let l = 1245 + -1190. Calculate the greatest common factor of l and 319.
11
Let a = 107 + 82. Suppose -25*c + 46033 = 16983. Suppose 